e
Is 4621 composite?
False
Is 18301 prime?
True
Is 2030909 prime?
True
Is 3119399 composite?
True
Is 2015149 a composite number?
False
Is 3557 composite?
False
Is 2657 composite?
False
Is 491 prime?
True
Is 22013 composite?
False
Is 4471 a composite number?
True
Is 145177 prime?
True
Is 90313 prime?
True
Is 113591 prime?
True
Is 207301 composite?
False
Is 4343 a composite number?
True
Is 2246903 composite?
False
Is 26193 composite?
True
Is 613253 composite?
False
Is 2230301 composite?
False
Is 60647 composite?
False
Is 430469 a prime number?
False
Is 120035 prime?
False
Is 239189 composite?
True
Is 26905 a composite number?
True
Is 98279 a prime number?
False
Is 9037 prime?
False
Is 39607 composite?
False
Is 272863 a composite number?
False
Is 12439 a prime number?
False
Is 50613 a composite number?
True
Is 2417 prime?
True
Is 406661 composite?
False
Is 13553 a composite number?
False
Is 1703593 a composite number?
False
Is 66277 prime?
False
Is 892817 prime?
True
Is 573355 prime?
False
Is 147977 a prime number?
True
Is 16667 a composite number?
True
Is 35891 prime?
False
Is 579543 composite?
True
Is 2254259 prime?
False
Is 75239 prime?
True
Is 412901 a composite number?
False
Is 51693 prime?
False
Is 22229 composite?
False
Is 8489 a prime number?
False
Is 5141 composite?
True
Is 201473 composite?
False
Is 35887 a composite number?
True
Is 381 prime?
False
Is 23053 a composite number?
False
Is 80141 composite?
False
Is 541 a composite number?
False
Is 37397 a prime number?
True
Is 14359 prime?
False
Is 3017 a composite number?
True
Is 159722 a prime number?
False
Is 5737 a composite number?
False
Is 81509 composite?
False
Is 42971 a prime number?
False
Is 6961511 prime?
True
Is 6401 prime?
False
Is 3433 a composite number?
False
Is 230003 composite?
False
Is 59507 a prime number?
False
Is 41887 a composite number?
False
Is 23857 a composite number?
False
Is 838553 a prime number?
True
Is 19931 composite?
True
Is 702191 composite?
True
Is 306987 a prime number?
False
Is 83329 a composite number?
True
Is 1241789 a prime number?
True
Is 14971 a prime number?
False
Is 112237 prime?
True
Is 10603 composite?
True
Is 496669 prime?
True
Is 228529 prime?
False
Is 4621 a prime number?
True
Is 1066601 a prime number?
False
Is 17287 a composite number?
True
Is 1171 prime?
True
Is 324851 prime?
False
Is 329863 composite?
False
Is 195581 composite?
False
Is 2777 a composite number?
False
Is 118309 a composite number?
True
Is 565637 a composite number?
False
Is 649613 a prime number?
True
Is 1079603 prime?
False
Is 6387 prime?
False
Is 1984883 composite?
True
Is 9865 a prime number?
False
Is 653 a composite number?
False
Is 411 composite?
True
Is 211723 composite?
False
Is 1112423 composite?
True
Is 44399 prime?
False
Is 6449 a prime number?
True
Is 219711 a prime number?
False
Is 734117 composite?
True
Is 49451 a prime number?
True
Is 65309 a composite number?
False
Is 92419 a composite number?
False
Is 4083 a composite number?
True
Is 4801 a composite number?
False
Is 451 a composite number?
True
Is 769057 a prime number?
True
Is 155197 a prime number?
False
Is 635563 a composite number?
False
Is 39971 prime?
True
Is 67883 composite?
False
Is 1949 prime?
True
Is 241757 composite?
True
Is 29831 composite?
True
Is 3449 a prime number?
True
Is 341141 a prime number?
True
Is 1537 composite?
True
Is 155921 prime?
True
Is 9589 a composite number?
True
Is 118271 a composite number?
True
Is 80471 composite?
False
Is 247183 prime?
True
Is 1027 prime?
False
Is 3593 composite?
False
Is 34027 a prime number?
False
Is 37627 composite?
True
Is 7147 a prime number?
False
Is 9079 a prime number?
False
Is 18839 a prime number?
True
Is 115487 a prime number?
False
Is 38163 prime?
False
Is 921073 composite?
False
Is 78161 prime?
False
Is 471 a composite number?
True
Is 100505 a prime number?
False
Is 9527 composite?
True
Is 3163 a prime number?
True
Is 8923 prime?
True
Is 300227 a prime number?
False
Is 25657 composite?
False
Is 644239 prime?
True
Is 9655 a prime number?
False
Is 2411 a prime number?
True
Is 243011 a composite number?
False
Is 117391 a composite number?
True
Is 1097897 composite?
False
Is 5839 prime?
True
Is 5039 a prime number?
True
Is 1244987 a prime number?
True
Is 482243 a prime number?
True
Is 58202 a composite number?
True
Is 116953 composite?
False
Is 625939 prime?
True
Is 17335 a composite number?
True
Is 787 composite?
False
Is 207335 composite?
True
Is 252097 prime?
False
Is 860873 a prime number?
False
Is 5897 composite?
False
Is 18703 a composite number?
True
Is 104245 a prime number?
False
Is 190243 a composite number?
False
Is 611155 a composite number?
True
Is 311901 composite?
True
Is 3647641 a composite number?
False
Is 3557 a prime number?
True
Is 529301 a composite number?
False
Is 57037 composite?
False
Is 144103 a composite number?
False
Is 2875831 composite?
True
Is 102181 a composite number?
False
Is 21961 a prime number?
True
Is 26503 composite?
True
Is 12959 a prime number?
True
Is 9489 prime?
False
Is 1277 composite?
False
Is 576373 prime?
False
Is 686447 prime?
False
Is 401 prime?
True
Is 6469 a composite number?
False
Is 25097 a composite number?
False
Is 769621 a composite number?
True
Is 19289 a prime number?
True
Is 23143 prime?
True
Is 93037 composite?
True
Is 6521 a composite number?
False
Is 7079 composite?
False
Is 8413 a prime number?
False
Is 64615 prime?
False
Is 4331 a prime number?
False
Is 3670603 composite?
False
Is 19741 a prime number?
False
Is 2101 a prime number?
False
Is 893426 composite?
True
Is 2416985 a prime number?
False
Is 14698 a prime number?
False
Is 1021027 a composite number?
True
Is 81093 prime?
False
Is 609221 a prime number?
True
Is 150473 a prime number?
True
Is 423471 composite?
True
Is 649739 a prime number?
True
Is 290193 a prime number?
False
Is 14797 a prime number?
True
Is 1891789 composite?
False
Is 629339 prime?
True
Is 889 a prime number?
False
Is 8267 a prime number?
False
Is 2722 prime?
False
Is 853795 prime?
False
Is 67207 composite?
True
Is 278363 prime?
True
Is 3547 a prime number?
True
Is 42317 a composite number?
True
Is 9511 composite?
False
Is 22993 a composite number?
False
Is 81151 a composite number?
True
Is 68657 prime?
False
Is 1361 composite?
False
Is 15559 a prime number?
True
Is 21745 a prime number?
False
Is 3659 prime?
True
Is 730753 prime?
True
Is 71527 composite?
False
Is 5227 a prime number?
True
Is 67009 composite?
True
Is 1213 a composite number?
False
Is 855119 prime?
True
Is 515087 prime?
True
Is 21089 prime?
True
Is 11794 prime?
False
Is 3907 prime?
True
Is 11213 composite?
False
Is 596693 prime?
True
Is 140341 composite?
True
Is 127 a prime number?
True
Is 63061 a prime number?
False
Is 9481 prime?
False
Is 89729 composite?
True
Is 17071 a prime number?
False
Is 49909 prime?
False
Is 11239 prime?
True
Is 47903 a composite number?
False
Is 898097 composite?
False
Is 10897 a prime number?
False
Is 129379 composite?
False
Is 1188931 a prime number?
True
Is 7789 prime?
True
Is 629183 prime?
False
Is 294029 composite?
False
Is 48878 a prime number?
False
Is 75503 prime?
True
Is 1361 prime?
True
Is 521267 a prime number?
True
Is 295061 a composite number?
True
Is 6433 prime?
False
Is 192113 composite?
False
Is 3047 a prime number?
False
Is 4783 a prime number?
True
Is 419381 a composite number?
True
Is 7841 composite?
False
Is 84837 a prime number?
False
Is 20579 a prime number?
False
Is 1567 composite?
False
Is 728369 a prime number?
True
Is 9079 a prime number?
False
Is 67447 a prime number?
True
Is 13709 a prime number?
True
Is 11233 composite?
True
Is 317 prime?
True
Is 8791 a composite number?
True
Is 5139203 composite?
False
Is 79303 prime?
False
Is 999299 composite?
True
Is 171905 a prime number?
False
Is 2095 a composite number?
True
Is 16039 composite?
True
Is 4821 a composite number?
True
Is 40607 a prime number?
False
Is 28685 a prime number?
False
Is 44539 a prime number?
False
Is 487 a composite number?
False
Is 16413 a prime number?
False
Is 274741 a prime number?
False
Is 243169 composite?
True
Is 1247 prime?
False
Is 1003495 a prime number?
False
Is 8663 a composite number?
False
Is 24193 a composite number?
True
Is 512779 prime?
True
Is 493 a co